est common factor of 50594 and 1681?
41
Calculate the highest common factor of 440209 and 616.
77
Calculate the greatest common factor of 4 and 4463980.
4
Calculate the highest common divisor of 124 and 118.
2
Calculate the greatest common factor of 156 and 223296.
12
Calculate the greatest common factor of 1738966 and 354.
118
Calculate the highest common factor of 78 and 17225.
13
Calculate the greatest common factor of 28 and 13979.
7
What is the greatest common divisor of 1211 and 70?
7
What is the greatest common factor of 1218 and 189966?
42
Calculate the highest common factor of 2255 and 1353.
451
Calculate the greatest common factor of 348 and 28913.
29
Calculate the greatest common divisor of 56 and 8704.
8
Calculate the greatest common factor of 32786 and 1358.
194
Calculate the highest common factor of 5103 and 1744092.
567
Calculate the highest common divisor of 3363 and 1539.
57
What is the highest common divisor of 13455 and 1690?
65
Calculate the greatest common factor of 267 and 61143.
267
What is the highest common divisor of 884436 and 48?
12
What is the highest common divisor of 230632 and 64014?
454
Calculate the highest common factor of 47532 and 136.
68
Calculate the highest common factor of 2563 and 253.
11
Calculate the greatest common divisor of 93080 and 520.
520
What is the greatest common factor of 204 and 468078?
102
Calculate the greatest common divisor of 60 and 4113840.
60
Calculate the greatest common factor of 3720 and 2677656.
744
Calculate the highest common divisor of 13459 and 86.
43
What is the greatest common divisor of 35217 and 117?
117
Calculate the highest common divisor of 1151201 and 431.
431
What is the greatest common divisor of 252 and 79164?
36
What is the greatest common factor of 44204 and 860?
172
What is the greatest common factor of 744 and 5828?
124
What is the highest common factor of 1089 and 84?
3
What is the greatest common factor of 722 and 747631?
361
Calculate the highest common factor of 885402 and 126.
126
What is the greatest common divisor of 22 and 24046?
22
Calculate the highest common factor of 6319 and 5325.
71
Calculate the highest common factor of 3726 and 1679.
23
Calculate the greatest common divisor of 129 and 535737.
129
Calculate the highest common divisor of 226719 and 622.
311
Calculate the highest common factor of 112 and 277228.
28
What is the highest common factor of 2961 and 31913?
329
Calculate the highest common divisor of 18483 and 505.
101
What is the highest common factor of 3034 and 28618?
82
Calculate the greatest common factor of 832 and 494.
26
What is the highest common divisor of 52417 and 2737?
23
What is the greatest common factor of 87019 and 1006?
503
Calculate the greatest common divisor of 81896 and 522.
58
What is the highest common factor of 808 and 707?
101
Calculate the highest common divisor of 637880 and 17020.
740
What is the greatest common factor of 1728 and 100512?
288
Calculate the highest common divisor of 4450 and 173728.
178
Calculate the highest common divisor of 59496 and 67938.
402
Calculate the highest common divisor of 3475 and 749071.
139
Calculate the highest common factor of 196639 and 8041.
731
Calculate the greatest common factor of 1751 and 82091.
103
What is the highest common factor of 6 and 457092?
6
Calculate the greatest common factor of 40600 and 4886.
14
What is the greatest common divisor of 126 and 61656?
42
Calculate the highest common factor of 31740 and 290.
10
Calculate the highest common divisor of 257284 and 12766.
982
What is the greatest common factor of 16 and 90336?
16
Calculate the highest common divisor of 60 and 185720.
20
Calculate the greatest common factor of 658163 and 11.
11
Calculate the greatest common factor of 76 and 484.
4
What is the highest common divisor of 3750982 and 34?
34
What is the highest common divisor of 592 and 90256?
16
What is the greatest common divisor of 1753884 and 121?
11
Calculate the greatest common divisor of 55 and 59325.
5
Calculate the highest common factor of 27455 and 289.
289
Calculate the greatest common divisor of 72 and 15894.
18
Calculate the greatest common factor of 180 and 64548.
36
Calculate the highest common factor of 2425 and 2276105.
485
What is the greatest common factor of 40 and 3595?
5
What is the greatest common divisor of 104 and 614692?
52
Calculate the highest common divisor of 98 and 8379.
49
What is the highest common divisor of 102 and 10473?
3
What is the highest common divisor of 1064 and 61180?
532
Calculate the highest common divisor of 705 and 1724430.
705
What is the highest common factor of 2488 and 1305578?
622
Calculate the highest common divisor of 131684 and 1064.
28
Calculate the greatest common divisor of 8448 and 495.
33
What is the greatest common divisor of 11261340 and 12?
12
What is the greatest common divisor of 42085 and 1406?
19
What is the greatest common divisor of 540 and 33750?
270
What is the greatest common factor of 21964 and 76?
76
What is the highest common factor of 92510 and 66?
22
What is the greatest common divisor of 34 and 325958?
34
Calculate the greatest common divisor of 380 and 28420.
20
Calculate the greatest common divisor of 9956 and 108.
4
What is the greatest common factor of 1829 and 32155?
59
Calculate the highest common divisor of 75 and 10775.
25
Calculate the highest common divisor of 71358 and 28.
14
Calculate the highest common factor of 2839 and 4148.
17
What is the greatest common divisor of 9747 and 61047?
513
Calculate the greatest common factor of 189 and 240429.
21
Calculate the highest common divisor of 10028 and 3161.
109
Calculate the greatest common factor of 93086 and 49532.
854
Calculate the greatest common factor of 185082 and 2834.
218
What is the greatest common divisor of 1072 and 400?
16
Calculate the highest common factor of 873 and 17169.
291
Calculate the highest common divisor of 154 and 862510.
22
What is the highest common factor of 66 and 1984?
2
Calculate the greatest common divisor of 69088 and 288.
32
Calculate the highest common factor of 233824 and 192.
32
Calculate the greatest common divisor of 584250 and 533.
41
Calculate the greatest common divisor of 116 and 1016.
4
Calculate the greatest common divisor of 624 and 214240.
208
What is the highest common divisor of 44 and 81246?
22
Calculate the highest common divisor of 27 and 74637.
9
Calculate the highest common divisor of 41627 and 1.
1
Calculate the greatest common divisor of 9384 and 29256.
552
What is the highest common divisor of 350 and 25400?
50
Calculate the highest common divisor of 3887 and 18759.
169
Calculate the highest common divisor of 85939 and 7.
7
What is the highest common factor of 404172 and 9?
9
Calculate the greatest common factor of 258 and 56072.
86
What is the highest common divisor of 405 and 186525?
45
What is the highest common factor of 14014 and 195559?
637
Calculate the greatest common factor of 25 and 1893875.
25
Calculate the greatest common factor of 144 and 10992.
48
Calculate the greatest common factor of 855 and 307515.
285
What is the greatest common factor of 497420 and 2464?
308
What is the greatest common divisor of 51 and 242301?
51
What is the highest common divisor of 17892 and 252?
252
Calculate the greatest common factor of 23344285 and 895.
895
Calculate the greatest common divisor of 12012 and 3668.
28
What is the greatest common divisor of 2184 and 2626?
26
What is the highest common divisor of 4823 and 23797?
53
Calculate the greatest common factor of 44 and 37906.
22
Calculate the greatest common factor of 292421 and 1337.
191
What is the highest common divisor of 609538 and 296?
74
What is the greatest common divisor of 48339 and 6642?
369
Calculate the highest common factor of 35242 and 1474.
134
What is the highest common factor of 84 and 45556?
28
Calculate the greatest common divisor of 22 and 504757.
11
Calculate the highest common divisor of 1134 and 20524.
14
What is the greatest common factor of 266 and 56?
14
Calculate the greatest common divisor of 14 and 8.
2
Calculate the greatest common factor of 74277 and 405.
81
Calculate the greatest common divisor of 3078 and 1642626.
1026
Calculate the highest common factor of 3130 and 5460.
10